{"id":462,"date":"2021-06-18T17:29:32","date_gmt":"2021-06-18T15:29:32","guid":{"rendered":"https:\/\/primverlag.at\/?post_type=produkte&#038;p=462"},"modified":"2022-05-12T05:51:36","modified_gmt":"2022-05-12T03:51:36","slug":"40-traditionelle-kinderlieder-vs","status":"publish","type":"produkte","link":"https:\/\/primverlag.at\/en\/produkte\/40-traditionelle-kinderlieder-vs\/","title":{"rendered":"40 TRADITIONELLE KINDERLIEDER"},"content":{"rendered":"<figure class=\"wp-block-embed is-type-video is-provider-youtube wp-block-embed-youtube wp-embed-aspect-16-9 wp-has-aspect-ratio\"><div class=\"wp-block-embed__wrapper\">\n<iframe loading=\"lazy\" title=\"40 TRADITIONLLE KINDERLIEDER\" width=\"500\" height=\"281\" src=\"https:\/\/www.youtube.com\/embed\/GIDdIX8cNiU?feature=oembed\" frameborder=\"0\" allow=\"accelerometer; autoplay; clipboard-write; encrypted-media; gyroscope; picture-in-picture; web-share\" referrerpolicy=\"strict-origin-when-cross-origin\" allowfullscreen><\/iframe>\n<\/div><\/figure>\n\n\n\n<figure class=\"wp-block-image size-large is-resized\"><a href=\"https:\/\/primverlag.at\/en\/audioplayer\/40-traditionelle-kinderlieder-vs\/\"><img loading=\"lazy\" decoding=\"async\" src=\"https:\/\/primverlag.at\/wp-content\/uploads\/2021\/09\/MP3_Logo_kurz_grau-1024x211.png\" alt=\"\" class=\"wp-image-2006\" width=\"256\" height=\"53\" srcset=\"https:\/\/primverlag.at\/wp-content\/uploads\/2021\/09\/MP3_Logo_kurz_grau-1024x211.png 1024w, https:\/\/primverlag.at\/wp-content\/uploads\/2021\/09\/MP3_Logo_kurz_grau-300x62.png 300w, https:\/\/primverlag.at\/wp-content\/uploads\/2021\/09\/MP3_Logo_kurz_grau-768x158.png 768w, https:\/\/primverlag.at\/wp-content\/uploads\/2021\/09\/MP3_Logo_kurz_grau-18x4.png 18w, https:\/\/primverlag.at\/wp-content\/uploads\/2021\/09\/MP3_Logo_kurz_grau.png 1220w\" sizes=\"(max-width: 256px) 100vw, 256px\" \/><\/a><figcaption> Audios in <strong>variabler Geschwindigkeit abspielen<\/strong> & <strong>Gratis-Download<\/strong> <\/figcaption><\/figure>\n\n\n\n<hr class=\"wp-block-separator\"\/>\n\n\n\n<p><strong>Inhalt:<\/strong><br>A a a, der Winter der ist da<br>A B C, die Katze lief im Schnee<br>Alle meine Entchen<br>Alle V\u00f6gel sind schon da<br>Auf der Mauer, auf der Lauer<br>Auf unserer Wiese gehet was<br>Backe, backe Kuchen<br>Bruder Jakob<br>Br\u00fcderchen, komm tanz mit mir<br>Der Kuckuck und der Esel<br>Der Mond ist aufgegangen<br>Die Vogelhochzeit<br>Dornr\u00f6schen war ein sch\u00f6nes Kind<br>Drei Chinesen mit dem Kontrabass<br>Ein M\u00e4nnlein steht im Walde<br>Es tanzt ein Bi-Ba-Butzemann<br>Es war eine Mutter<br>Fuchs du hast die Gans gestohlen<br>Gr\u00fcn sind alle meine Kleider<br>H\u00e4nschen klein<br>H\u00e4nsel und Gretel<br>H\u00e4schen in der Grube<br>Hopp, hopp, hopp, Pferdchen lauf Galopp<br>Hoppe, hoppe Reiter<br>Ich geh\u00b4 mit meiner Laterne<br>Im M\u00e4rzen der Bauer<br>Kommt ein Vogel geflogen<br>Kuckuck<br>Laterne, Laterne<br>Mein Hut der hat drei L\u00f6cher<br>O du lieber Augustin<br>Schlaf, Kindlein, schlaf!<br>Schneck\u00b4 im Haus<br>Spannenlanger Hansel<br>Summ, summ, summ<br>Taler, Taler du musst wandern<br>Weisst du, wie viel Sternlein stehen<br>Wenn ich ein V\u00f6glein w\u00e4r<br>Wer will fleissige Handwerker sehen<br>Zeigt her eure F\u00fcsse<\/p>\n\n\n\n<hr class=\"wp-block-separator\"\/>\n\n\n\n<p><strong>Klavierstimme f\u00fcr Instrumente in B<\/strong><\/p>\n\n\n\n<div data-wp-interactive=\"core\/file\" class=\"wp-block-file\"><object data-wp-bind--hidden=\"!state.hasPdfPreview\"  class=\"wp-block-file__embed\" data=\"https:\/\/primverlag.at\/wp-content\/uploads\/2021\/09\/40_Traditionelle_Kinderlieder_Klavierbegleitung_Download.pdf\" type=\"application\/pdf\" style=\"width:100%;height:200px\" aria-label=\"Embed of Embed of 40 Traditionelle Kinderlieder Klavierbegleitung Instrumente in B..\"><\/object><a href=\"https:\/\/primverlag.at\/wp-content\/uploads\/2021\/09\/40_Traditionelle_Kinderlieder_Klavierbegleitung_Download.pdf\">40 Traditionelle Kinderlieder Klavierbegleitung Instrumente in B<\/a><a href=\"https:\/\/primverlag.at\/wp-content\/uploads\/2021\/09\/40_Traditionelle_Kinderlieder_Klavierbegleitung_Download.pdf\" class=\"wp-block-file__button\" download>Download<\/a><\/div>\n\n\n\n<hr class=\"wp-block-separator\"\/>\n\n\n\n<p><strong>Klavierstimme f\u00fcr Instrumente in <\/strong>F<\/p>\n\n\n\n<div data-wp-interactive=\"core\/file\" class=\"wp-block-file\"><object data-wp-bind--hidden=\"!state.hasPdfPreview\"  class=\"wp-block-file__embed\" data=\"https:\/\/primverlag.at\/wp-content\/uploads\/2021\/09\/40_Traditionelle_Kinderlieder_Klavierbegleitung_in_F.pdf\" type=\"application\/pdf\" style=\"width:100%;height:220px\" aria-label=\"Embed of Embed of 40 Traditionelle Kinderlieder Klavierbegleitung Instrumente in F..\"><\/object><a href=\"https:\/\/primverlag.at\/wp-content\/uploads\/2021\/09\/40_Traditionelle_Kinderlieder_Klavierbegleitung_in_F.pdf\">40 Traditionelle Kinderlieder Klavierbegleitung Instrumente in F<\/a><a href=\"https:\/\/primverlag.at\/wp-content\/uploads\/2021\/09\/40_Traditionelle_Kinderlieder_Klavierbegleitung_in_F.pdf\" class=\"wp-block-file__button\" download>Download<\/a><\/div>","protected":false},"template":"","k":[106,14,26,91,16,27,100,28,17,29,104,18,13,22,90],"artists":[82],"class_list":["post-462","produkte","type-produkte","status-publish","hentry","k-1-euphonium","k-1-trompete","k-1-horn","k-1-euphonium-klavier-mp3","k-1-trompete-klv-mp3","k-1-horn-klv","k-2-euphonien","k-2-hoerner","k-2-trompeten","k-2-hoerner-klv","k-2-euphonien-klavier-mp3","k-2-trompeten-klv","k-trompete","k-horn","k-euphonium","artists-hans-peter-gaiswinkler"],"_links":{"self":[{"href":"https:\/\/primverlag.at\/en\/wp-json\/wp\/v2\/produkte\/462"}],"collection":[{"href":"https:\/\/primverlag.at\/en\/wp-json\/wp\/v2\/produkte"}],"about":[{"href":"https:\/\/primverlag.at\/en\/wp-json\/wp\/v2\/types\/produkte"}],"wp:attachment":[{"href":"https:\/\/primverlag.at\/en\/wp-json\/wp\/v2\/media?parent=462"}],"wp:term":[{"taxonomy":"k","embeddable":true,"href":"https:\/\/primverlag.at\/en\/wp-json\/wp\/v2\/k?post=462"},{"taxonomy":"artists","embeddable":true,"href":"https:\/\/primverlag.at\/en\/wp-json\/wp\/v2\/artists?post=462"}],"curies":[{"name":"wp","href":"https:\/\/api.w.org\/{rel}","templated":true}]}}

<figure class="wp-block-embed is-type-video is-provider-youtube wp-block-embed-youtube wp-embed-aspect-16-9 wp-has-aspect-ratio"><div class="wp-block-embed__wrapper">
<iframe loading="lazy" title="40 TRADITIONLLE KINDERLIEDER" width="500" height="281" src="https://www.youtube.com/embed/GIDdIX8cNiU?feature=oembed" frameborder="0" allow="accelerometer; autoplay; clipboard-write; encrypted-media; gyroscope; picture-in-picture; web-share" referrerpolicy="strict-origin-when-cross-origin" allowfullscreen></iframe>
</div></figure>



<figure class="wp-block-image size-large is-resized"><a href="https://primverlag.at/en/audioplayer/40-traditionelle-kinderlieder-vs/"><img loading="lazy" decoding="async" src="https://primverlag.at/wp-content/uploads/2021/09/MP3_Logo_kurz_grau-1024x211.png" alt="" class="wp-image-2006" width="256" height="53" srcset="https://primverlag.at/wp-content/uploads/2021/09/MP3_Logo_kurz_grau-1024x211.png 1024w, https://primverlag.at/wp-content/uploads/2021/09/MP3_Logo_kurz_grau-300x62.png 300w, https://primverlag.at/wp-content/uploads/2021/09/MP3_Logo_kurz_grau-768x158.png 768w, https://primverlag.at/wp-content/uploads/2021/09/MP3_Logo_kurz_grau-18x4.png 18w, https://primverlag.at/wp-content/uploads/2021/09/MP3_Logo_kurz_grau.png 1220w" sizes="(max-width: 256px) 100vw, 256px" /></a><figcaption> Audios in <strong>variabler Geschwindigkeit abspielen</strong> & <strong>Gratis-Download</strong> </figcaption></figure>



<hr class="wp-block-separator"/>



<p><strong>Inhalt:</strong><br>A a a, der Winter der ist da<br>A B C, die Katze lief im Schnee<br>Alle meine Entchen<br>Alle Vögel sind schon da<br>Auf der Mauer, auf der Lauer<br>Auf unserer Wiese gehet was<br>Backe, backe Kuchen<br>Bruder Jakob<br>Brüderchen, komm tanz mit mir<br>Der Kuckuck und der Esel<br>Der Mond ist aufgegangen<br>Die Vogelhochzeit<br>Dornröschen war ein schönes Kind<br>Drei Chinesen mit dem Kontrabass<br>Ein Männlein steht im Walde<br>Es tanzt ein Bi-Ba-Butzemann<br>Es war eine Mutter<br>Fuchs du hast die Gans gestohlen<br>Grün sind alle meine Kleider<br>Hänschen klein<br>Hänsel und Gretel<br>Häschen in der Grube<br>Hopp, hopp, hopp, Pferdchen lauf Galopp<br>Hoppe, hoppe Reiter<br>Ich geh´ mit meiner Laterne<br>Im Märzen der Bauer<br>Kommt ein Vogel geflogen<br>Kuckuck<br>Laterne, Laterne<br>Mein Hut der hat drei Löcher<br>O du lieber Augustin<br>Schlaf, Kindlein, schlaf!<br>Schneck´ im Haus<br>Spannenlanger Hansel<br>Summ, summ, summ<br>Taler, Taler du musst wandern<br>Weisst du, wie viel Sternlein stehen<br>Wenn ich ein Vöglein wär<br>Wer will fleissige Handwerker sehen<br>Zeigt her eure Füsse</p>



<hr class="wp-block-separator"/>



<p><strong>Klavierstimme für Instrumente in B</strong></p>



<div data-wp-interactive="core/file" class="wp-block-file"><object data-wp-bind--hidden="!state.hasPdfPreview"  class="wp-block-file__embed" data="https://primverlag.at/wp-content/uploads/2021/09/40_Traditionelle_Kinderlieder_Klavierbegleitung_Download.pdf" type="application/pdf" style="width:100%;height:200px" aria-label="Embed of Embed of 40 Traditionelle Kinderlieder Klavierbegleitung Instrumente in B.."></object><a href="https://primverlag.at/wp-content/uploads/2021/09/40_Traditionelle_Kinderlieder_Klavierbegleitung_Download.pdf">40 Traditionelle Kinderlieder Klavierbegleitung Instrumente in B</a><a href="https://primverlag.at/wp-content/uploads/2021/09/40_Traditionelle_Kinderlieder_Klavierbegleitung_Download.pdf" class="wp-block-file__button" download>Download</a></div>



<hr class="wp-block-separator"/>



<p><strong>Klavierstimme für Instrumente in </strong>F</p>



<div data-wp-interactive="core/file" class="wp-block-file"><object data-wp-bind--hidden="!state.hasPdfPreview"  class="wp-block-file__embed" data="https://primverlag.at/wp-content/uploads/2021/09/40_Traditionelle_Kinderlieder_Klavierbegleitung_in_F.pdf" type="application/pdf" style="width:100%;height:220px" aria-label="Embed of Embed of 40 Traditionelle Kinderlieder Klavierbegleitung Instrumente in F.."></object><a href="https://primverlag.at/wp-content/uploads/2021/09/40_Traditionelle_Kinderlieder_Klavierbegleitung_in_F.pdf">40 Traditionelle Kinderlieder Klavierbegleitung Instrumente in F</a><a href="https://primverlag.at/wp-content/uploads/2021/09/40_Traditionelle_Kinderlieder_Klavierbegleitung_in_F.pdf" class="wp-block-file__button" download>Download</a></div>
